{"id":120,"date":"2024-02-03T06:32:11","date_gmt":"2024-02-03T05:32:11","guid":{"rendered":"https:\/\/thewayclothing.com\/\/?page_id=120"},"modified":"2025-09-06T23:22:09","modified_gmt":"2025-09-06T21:22:09","slug":"nuestra-marca","status":"publish","type":"page","link":"https:\/\/thewayclothing.com\/index.php\/nuestra-marca\/","title":{"rendered":"Nuestra marca"},"content":{"rendered":"\t\t<div data-elementor-type=\"wp-page\" data-elementor-id=\"120\" class=\"elementor elementor-120\" data-elementor-post-type=\"page\">\n\t\t\t\t<div class=\"elementor-element elementor-element-9e1374d e-flex e-con-boxed e-con e-parent\" data-id=\"9e1374d\" data-element_type=\"container\" data-e-type=\"container\">\n\t\t\t\t\t<div class=\"e-con-inner\">\n\t\t\t\t<div class=\"elementor-element elementor-element-5b918af elementor-widget elementor-widget-image\" data-id=\"5b918af\" data-element_type=\"widget\" data-e-type=\"widget\" data-widget_type=\"image.default\">\n\t\t\t\t<div class=\"elementor-widget-container\">\n\t\t\t\t\t\t\t\t\t\t\t\t\t\t\t<img fetchpriority=\"high\" decoding=\"async\" width=\"1920\" height=\"626\" src=\"https:\/\/thewayclothing.com\/wp-content\/uploads\/2025\/08\/BANNER-QUIENES-SOMOS.webp\" class=\"attachment-full size-full wp-image-647\" alt=\"\" srcset=\"https:\/\/thewayclothing.com\/wp-content\/uploads\/2025\/08\/BANNER-QUIENES-SOMOS.webp 1920w, https:\/\/thewayclothing.com\/wp-content\/uploads\/2025\/08\/BANNER-QUIENES-SOMOS-300x98.webp 300w, https:\/\/thewayclothing.com\/wp-content\/uploads\/2025\/08\/BANNER-QUIENES-SOMOS-1024x334.webp 1024w, https:\/\/thewayclothing.com\/wp-content\/uploads\/2025\/08\/BANNER-QUIENES-SOMOS-768x250.webp 768w, https:\/\/thewayclothing.com\/wp-content\/uploads\/2025\/08\/BANNER-QUIENES-SOMOS-1536x501.webp 1536w, https:\/\/thewayclothing.com\/wp-content\/uploads\/2025\/08\/BANNER-QUIENES-SOMOS-510x166.webp 510w\" sizes=\"(max-width: 1920px) 100vw, 1920px\" \/>\t\t\t\t\t\t\t\t\t\t\t\t\t\t\t<\/div>\n\t\t\t\t<\/div>\n\t\t\t\t\t<\/div>\n\t\t\t\t<\/div>\n\t\t<div class=\"elementor-element elementor-element-b7722eb e-flex e-con-boxed e-con e-parent\" data-id=\"b7722eb\" data-element_type=\"container\" data-e-type=\"container\">\n\t\t\t\t\t<div class=\"e-con-inner\">\n\t\t<div class=\"elementor-element elementor-element-29bb458 e-con-full e-flex e-con e-child\" data-id=\"29bb458\" data-element_type=\"container\" data-e-type=\"container\">\n\t\t\t\t<div class=\"elementor-element elementor-element-4088a4db elementor-widget elementor-widget-text-editor\" data-id=\"4088a4db\" data-element_type=\"widget\" data-e-type=\"widget\" data-widget_type=\"text-editor.default\">\n\t\t\t\t<div class=\"elementor-widget-container\">\n\t\t\t\t\t\t\t\t\t\n<p data-start=\"189\" data-end=\"642\"><strong data-start=\"189\" data-end=\"252\">Nuestra marca nace del coraz\u00f3n de Dios en la ciudad de Cali<\/strong>, con un sue\u00f1o que va m\u00e1s all\u00e1 de la moda: vestir a hombres y mujeres con prendas que transmitan prop\u00f3sito, calidad y autenticidad. Desde el inicio, hemos tenido claro que la ropa no solo cubre, sino que cuenta historias, refleja identidad y proyecta valores. Cada dise\u00f1o que creamos es una expresi\u00f3n de creatividad y fe, guiada por el deseo de impactar positivamente en quienes nos eligen.<\/p>\n<p data-start=\"644\" data-end=\"1085\">So\u00f1amos con ser una empresa vers\u00e1til, capaz de abarcar m\u00faltiples segmentos en la moda masculina y femenina, siempre con <strong data-start=\"764\" data-end=\"788\">vocaci\u00f3n de servicio<\/strong>. Nuestro compromiso no se limita a ofrecer productos de calidad; tambi\u00e9n promovemos un accionar responsable con la sociedad y el medio ambiente. Creemos que cada decisi\u00f3n empresarial tiene el poder de influir y transformar, por eso elegimos materiales, procesos y mensajes que sumen y construyan.<\/p>\n<p data-start=\"1087\" data-end=\"1508\">Fuimos creados para crear, y nuestra <strong data-start=\"1124\" data-end=\"1152\">palanca est\u00e1 en el cielo<\/strong>. Esa convicci\u00f3n nos inspira a innovar, a buscar la excelencia y a mantenernos firmes en nuestra visi\u00f3n. No solo dise\u00f1amos prendas; dise\u00f1amos experiencias, emociones y conexiones reales con las personas. En cada colecci\u00f3n, buscamos unir estilo, prop\u00f3sito y valores, para que vestir nuestra marca sea tambi\u00e9n vestir un mensaje de esperanza y transformaci\u00f3n.<\/p>\n\t\t\t\t\t\t\t\t<\/div>\n\t\t\t\t<\/div>\n\t\t\t\t<\/div>\n\t\t<div class=\"elementor-element elementor-element-08ee5f2 e-con-full e-flex e-con e-child\" data-id=\"08ee5f2\" data-element_type=\"container\" data-e-type=\"container\">\n\t\t\t\t<div class=\"elementor-element elementor-element-75c6619 elementor-widget elementor-widget-video\" data-id=\"75c6619\" data-element_type=\"widget\" data-e-type=\"widget\" data-settings=\"{&quot;youtube_url&quot;:&quot;https:\\\/\\\/youtube.com\\\/shorts\\\/bkpmoZs_S2Y?feature=share&quot;,&quot;autoplay&quot;:&quot;yes&quot;,&quot;play_on_mobile&quot;:&quot;yes&quot;,&quot;mute&quot;:&quot;yes&quot;,&quot;loop&quot;:&quot;yes&quot;,&quot;video_type&quot;:&quot;youtube&quot;,&quot;controls&quot;:&quot;yes&quot;}\" data-widget_type=\"video.default\">\n\t\t\t\t<div class=\"elementor-widget-container\">\n\t\t\t\t\t\t\t<div class=\"elementor-wrapper elementor-open-inline\">\n\t\t\t<div class=\"elementor-video\"><\/div>\t\t<\/div>\n\t\t\t\t\t\t<\/div>\n\t\t\t\t<\/div>\n\t\t\t\t<\/div>\n\t\t\t\t\t<\/div>\n\t\t\t\t<\/div>\n\t\t<div class=\"elementor-element elementor-element-c1186b4 e-flex e-con-boxed e-con e-parent\" data-id=\"c1186b4\" data-element_type=\"container\" data-e-type=\"container\" data-settings=\"{&quot;background_background&quot;:&quot;classic&quot;}\">\n\t\t\t\t\t<div class=\"e-con-inner\">\n\t\t<div class=\"elementor-element elementor-element-4109762 e-con-full e-flex e-con e-child\" data-id=\"4109762\" data-element_type=\"container\" data-e-type=\"container\">\n\t\t\t\t<div class=\"elementor-element elementor-element-ff1b74f elementor-widget elementor-widget-image\" data-id=\"ff1b74f\" data-element_type=\"widget\" data-e-type=\"widget\" data-widget_type=\"image.default\">\n\t\t\t\t<div class=\"elementor-widget-container\">\n\t\t\t\t\t\t\t\t\t\t\t\t\t\t\t<img decoding=\"async\" width=\"1284\" height=\"1926\" src=\"https:\/\/thewayclothing.com\/wp-content\/uploads\/2025\/06\/IMG_6822.webp\" class=\"attachment-full size-full wp-image-485\" alt=\"\" srcset=\"https:\/\/thewayclothing.com\/wp-content\/uploads\/2025\/06\/IMG_6822.webp 1284w, https:\/\/thewayclothing.com\/wp-content\/uploads\/2025\/06\/IMG_6822-200x300.webp 200w, https:\/\/thewayclothing.com\/wp-content\/uploads\/2025\/06\/IMG_6822-683x1024.webp 683w, https:\/\/thewayclothing.com\/wp-content\/uploads\/2025\/06\/IMG_6822-768x1152.webp 768w, https:\/\/thewayclothing.com\/wp-content\/uploads\/2025\/06\/IMG_6822-1024x1536.webp 1024w, https:\/\/thewayclothing.com\/wp-content\/uploads\/2025\/06\/IMG_6822-510x765.webp 510w\" sizes=\"(max-width: 1284px) 100vw, 1284px\" \/>\t\t\t\t\t\t\t\t\t\t\t\t\t\t\t<\/div>\n\t\t\t\t<\/div>\n\t\t\t\t<\/div>\n\t\t<div class=\"elementor-element elementor-element-50a6c9d e-con-full e-flex e-con e-child\" data-id=\"50a6c9d\" data-element_type=\"container\" data-e-type=\"container\">\n\t\t\t\t<div class=\"elementor-element elementor-element-a91af40 elementor-widget elementor-widget-heading\" data-id=\"a91af40\" data-element_type=\"widget\" data-e-type=\"widget\" data-widget_type=\"heading.default\">\n\t\t\t\t<div class=\"elementor-widget-container\">\n\t\t\t\t\t<h2 class=\"elementor-heading-title elementor-size-default\">Somos m\u00e1s que una marca de ropa<\/h2>\t\t\t\t<\/div>\n\t\t\t\t<\/div>\n\t\t\t\t<div class=\"elementor-element elementor-element-cdfcdc6 elementor-widget elementor-widget-text-editor\" data-id=\"cdfcdc6\" data-element_type=\"widget\" data-e-type=\"widget\" data-widget_type=\"text-editor.default\">\n\t\t\t\t<div class=\"elementor-widget-container\">\n\t\t\t\t\t\t\t\t\t<p>Adem\u00e1s de comprar un producto de excelente calidad y un mensaje de vida, est\u00e1s ayudando a m\u00e1s de 15 familias que trabajan con mucho amor y dedicaci\u00f3n con el objetivo de ofrecerte la mejor experiencia de compra con The Way.<\/p>\t\t\t\t\t\t\t\t<\/div>\n\t\t\t\t<\/div>\n\t\t\t\t<div class=\"elementor-element elementor-element-d3030b6 elementor-widget elementor-widget-heading\" data-id=\"d3030b6\" data-element_type=\"widget\" data-e-type=\"widget\" data-widget_type=\"heading.default\">\n\t\t\t\t<div class=\"elementor-widget-container\">\n\t\t\t\t\t<h3 class=\"elementor-heading-title elementor-size-default\">Enviamos a todo el Pa\u00eds<\/h3>\t\t\t\t<\/div>\n\t\t\t\t<\/div>\n\t\t\t\t<div class=\"elementor-element elementor-element-0194a63 elementor-widget elementor-widget-text-editor\" data-id=\"0194a63\" data-element_type=\"widget\" data-e-type=\"widget\" data-widget_type=\"text-editor.default\">\n\t\t\t\t<div class=\"elementor-widget-container\">\n\t\t\t\t\t\t\t\t\t<p>Hacemos env\u00edos a todo el pa\u00eds, el costo del env\u00cdo puede ser cancelado contra entrega, lo \u00fanico que debes cancelar antes es el valor de las prendas que vayas a solicitar, tiempos de entrega de 5-9 d\u00edas h\u00e1biles dependiendo de tu ubicaci\u00f3n.<\/p>\t\t\t\t\t\t\t\t<\/div>\n\t\t\t\t<\/div>\n\t\t\t\t<div class=\"elementor-element elementor-element-f4605c8 elementor-align-left elementor-widget elementor-widget-button\" data-id=\"f4605c8\" data-element_type=\"widget\" data-e-type=\"widget\" data-widget_type=\"button.default\">\n\t\t\t\t<div class=\"elementor-widget-container\">\n\t\t\t\t\t\t\t\t\t<div class=\"elementor-button-wrapper\">\n\t\t\t\t\t<a class=\"elementor-button elementor-button-link elementor-size-sm\" href=\"https:\/\/thewayclothing.com\/index.php\/shop\/\">\n\t\t\t\t\t\t<span class=\"elementor-button-content-wrapper\">\n\t\t\t\t\t\t\t\t\t<span class=\"elementor-button-text\">Visita nuestra tienda<\/span>\n\t\t\t\t\t<\/span>\n\t\t\t\t\t<\/a>\n\t\t\t\t<\/div>\n\t\t\t\t\t\t\t\t<\/div>\n\t\t\t\t<\/div>\n\t\t\t\t<\/div>\n\t\t\t\t\t<\/div>\n\t\t\t\t<\/div>\n\t\t\t\t<\/div>\n\t\t","protected":false},"excerpt":{"rendered":"<p>Nuestra marca nace del coraz\u00f3n de Dios en la ciudad de Cali, con un sue\u00f1o que va m\u00e1s all\u00e1 de la moda: vestir a hombres y mujeres con prendas que transmitan prop\u00f3sito, calidad y autenticidad. Desde el inicio, hemos tenido claro que la ropa no solo cubre, sino que cuenta historias, refleja identidad y proyecta [&#8230;]\n","protected":false},"author":1,"featured_media":0,"parent":0,"menu_order":0,"comment_status":"closed","ping_status":"closed","template":"","meta":{"_joinchat":[],"footnotes":""},"class_list":["post-120","page","type-page","status-publish","hentry"],"_hostinger_reach_plugin_has_subscription_block":false,"_hostinger_reach_plugin_is_elementor":false,"_links":{"self":[{"href":"https:\/\/thewayclothing.com\/index.php\/wp-json\/wp\/v2\/pages\/120","targetHints":{"allow":["GET"]}}],"collection":[{"href":"https:\/\/thewayclothing.com\/index.php\/wp-json\/wp\/v2\/pages"}],"about":[{"href":"https:\/\/thewayclothing.com\/index.php\/wp-json\/wp\/v2\/types\/page"}],"author":[{"embeddable":true,"href":"https:\/\/thewayclothing.com\/index.php\/wp-json\/wp\/v2\/users\/1"}],"replies":[{"embeddable":true,"href":"https:\/\/thewayclothing.com\/index.php\/wp-json\/wp\/v2\/comments?post=120"}],"version-history":[{"count":40,"href":"https:\/\/thewayclothing.com\/index.php\/wp-json\/wp\/v2\/pages\/120\/revisions"}],"predecessor-version":[{"id":832,"href":"https:\/\/thewayclothing.com\/index.php\/wp-json\/wp\/v2\/pages\/120\/revisions\/832"}],"wp:attachment":[{"href":"https:\/\/thewayclothing.com\/index.php\/wp-json\/wp\/v2\/media?parent=120"}],"curies":[{"name":"wp","href":"https:\/\/api.w.org\/{rel}","templated":true}]}}