{"id":138,"date":"2024-02-03T06:43:55","date_gmt":"2024-02-03T05:43:55","guid":{"rendered":"https:\/\/thewayclothing.com\/\/?page_id=138"},"modified":"2024-02-03T06:43:55","modified_gmt":"2024-02-03T05:43:55","slug":"politicas-de-privacidad","status":"publish","type":"page","link":"https:\/\/thewayclothing.com\/index.php\/politicas-de-privacidad\/","title":{"rendered":"Pol\u00edticas de privacidad"},"content":{"rendered":"\t\t<div data-elementor-type=\"wp-page\" data-elementor-id=\"138\" class=\"elementor elementor-138\" data-elementor-post-type=\"page\">\n\t\t\t\t<div class=\"elementor-element elementor-element-369db305 e-flex e-con-boxed e-con e-parent\" data-id=\"369db305\" data-element_type=\"container\" data-e-type=\"container\">\n\t\t\t\t\t<div class=\"e-con-inner\">\n\t\t\t\t<div class=\"elementor-element elementor-element-21689c7 elementor-widget elementor-widget-heading\" data-id=\"21689c7\" data-element_type=\"widget\" data-e-type=\"widget\" data-widget_type=\"heading.default\">\n\t\t\t\t<div class=\"elementor-widget-container\">\n\t\t\t\t\t<h2 class=\"elementor-heading-title elementor-size-default\">Pol\u00edticas Privacidad<\/h2>\t\t\t\t<\/div>\n\t\t\t\t<\/div>\n\t\t\t\t<div class=\"elementor-element elementor-element-4088a4db elementor-widget elementor-widget-text-editor\" data-id=\"4088a4db\" data-element_type=\"widget\" data-e-type=\"widget\" data-widget_type=\"text-editor.default\">\n\t\t\t\t<div class=\"elementor-widget-container\">\n\t\t\t\t\t\t\t\t\t\n<div id=\"row-63295252\" class=\"row\">\n<div id=\"col-102558038\" class=\"col small-12 large-12\">\n<div class=\"col-inner\">\n<p>THE WAY CLOTHING Es una compa\u00f1\u00eda responsable del tratamiento de la informaci\u00f3n, aplica la siguiente Pol\u00edtica de Tratamiento a la informaci\u00f3n recopilada.<\/p>\n<\/div>\n<\/div>\n<\/div>\n\t\t\t\t\t\t\t\t<\/div>\n\t\t\t\t<\/div>\n\t\t\t\t\t<\/div>\n\t\t\t\t<\/div>\n\t\t<div class=\"elementor-element elementor-element-a716ae5 e-flex e-con-boxed e-con e-parent\" data-id=\"a716ae5\" data-element_type=\"container\" data-e-type=\"container\">\n\t\t\t\t\t<div class=\"e-con-inner\">\n\t\t<div class=\"elementor-element elementor-element-a2d1463 e-con-full e-flex e-con e-child\" data-id=\"a2d1463\" data-element_type=\"container\" data-e-type=\"container\">\n\t\t\t\t<div class=\"elementor-element elementor-element-33576be elementor-widget elementor-widget-text-editor\" data-id=\"33576be\" data-element_type=\"widget\" data-e-type=\"widget\" data-widget_type=\"text-editor.default\">\n\t\t\t\t<div class=\"elementor-widget-container\">\n\t\t\t\t\t\t\t\t\t<p><strong>Autorizaci\u00f3n dada por el cliente<\/strong><\/p>\n<p>Cuando nuestros clientes deciden registrarse en nuestra p\u00e1gina obtenemos y conservamos la siguiente informaci\u00f3n, autorizada por el cliente.<\/p>\n<p>Nombres y apellidos, documento de identidad, fecha de nacimiento, sexo, direcci\u00f3n, barrio, ciudad, celular, n\u00famero de tel\u00e9fono, direcci\u00f3n de correo electr\u00f3nico, redes sociales. El cliente afirma que los datos personales diligenciados en el momento de su\u00a0 inicio de sesi\u00f3n, sean utilizados para el env\u00edo de informaci\u00f3n por parte de THE WAY CLOTHING. bien sea por correo electr\u00f3nico (en este caso se autoriza a las empresas de mailing que se destinen para este fin), o por cualquier otro medio.\u00a0<\/p>\n<p>Los derechos a conocer, actualizar, rectificar y suprimir informaci\u00f3n y revocar la autorizaci\u00f3n, o solicitar prueba de la misma, podr\u00e1n ser ejercidos mediante petici\u00f3n enviando un correo electr\u00f3nico a info@thewayclothing.com\u00a0 o ingresando a la p\u00e1gina Cont\u00e1ctenos\/.<\/p>\t\t\t\t\t\t\t\t<\/div>\n\t\t\t\t<\/div>\n\t\t\t\t<\/div>\n\t\t<div class=\"elementor-element elementor-element-f88e073 e-con-full e-flex e-con e-child\" data-id=\"f88e073\" data-element_type=\"container\" data-e-type=\"container\">\n\t\t\t\t<div class=\"elementor-element elementor-element-ea05b68 elementor-widget elementor-widget-text-editor\" data-id=\"ea05b68\" data-element_type=\"widget\" data-e-type=\"widget\" data-widget_type=\"text-editor.default\">\n\t\t\t\t<div class=\"elementor-widget-container\">\n\t\t\t\t\t\t\t\t\t<p><strong>Pol\u00edtica de uso de Cookies<\/strong><\/p>\n<p>Cuando visitas nuestra tienda online, recopilamos cierta informaci\u00f3n de registro de Internet y algunos detalles de comportamiento dentro de nuestra p\u00e1gina. Esto se realiza mediante las cookies, y por esto queremos explicarte de que se tratan, cuales usamos, para qu\u00e9 las usamos y c\u00f3mo puedes desactivarlas.<\/p>\n<p>Los procedimientos est\u00e1n gestionados y controlados exclusivamente por Google Analytics y\/o Facebook. Si deseas conocer la declaraci\u00f3n de privacidad y pol\u00edticas de privacidad y cookies de estas empresas, puedes hacerlo a trav\u00e9s de los siguientes links: Google analytics y Facebook.<\/p>\t\t\t\t\t\t\t\t<\/div>\n\t\t\t\t<\/div>\n\t\t\t\t<\/div>\n\t\t\t\t\t<\/div>\n\t\t\t\t<\/div>\n\t\t\t\t<\/div>\n\t\t","protected":false},"excerpt":{"rendered":"<p>Pol\u00edticas Privacidad THE WAY CLOTHING Es una compa\u00f1\u00eda responsable del tratamiento de la informaci\u00f3n, aplica la siguiente Pol\u00edtica de Tratamiento a la informaci\u00f3n recopilada. Autorizaci\u00f3n dada por el cliente Cuando nuestros clientes deciden registrarse en nuestra p\u00e1gina obtenemos y conservamos la siguiente informaci\u00f3n, autorizada por el cliente. Nombres y apellidos, documento de identidad, fecha de [&#8230;]\n","protected":false},"author":1,"featured_media":0,"parent":0,"menu_order":0,"comment_status":"closed","ping_status":"closed","template":"","meta":{"_joinchat":[],"footnotes":""},"class_list":["post-138","page","type-page","status-publish","hentry"],"_hostinger_reach_plugin_has_subscription_block":false,"_hostinger_reach_plugin_is_elementor":false,"_links":{"self":[{"href":"https:\/\/thewayclothing.com\/index.php\/wp-json\/wp\/v2\/pages\/138","targetHints":{"allow":["GET"]}}],"collection":[{"href":"https:\/\/thewayclothing.com\/index.php\/wp-json\/wp\/v2\/pages"}],"about":[{"href":"https:\/\/thewayclothing.com\/index.php\/wp-json\/wp\/v2\/types\/page"}],"author":[{"embeddable":true,"href":"https:\/\/thewayclothing.com\/index.php\/wp-json\/wp\/v2\/users\/1"}],"replies":[{"embeddable":true,"href":"https:\/\/thewayclothing.com\/index.php\/wp-json\/wp\/v2\/comments?post=138"}],"version-history":[{"count":7,"href":"https:\/\/thewayclothing.com\/index.php\/wp-json\/wp\/v2\/pages\/138\/revisions"}],"predecessor-version":[{"id":147,"href":"https:\/\/thewayclothing.com\/index.php\/wp-json\/wp\/v2\/pages\/138\/revisions\/147"}],"wp:attachment":[{"href":"https:\/\/thewayclothing.com\/index.php\/wp-json\/wp\/v2\/media?parent=138"}],"curies":[{"name":"wp","href":"https:\/\/api.w.org\/{rel}","templated":true}]}}