{"id":1290,"date":"2026-03-18T20:39:46","date_gmt":"2026-03-18T19:39:46","guid":{"rendered":"https:\/\/thewayclothing.com\/?post_type=product&#038;p=1290"},"modified":"2026-03-18T20:40:11","modified_gmt":"2026-03-18T19:40:11","slug":"jesus-mi-mejor-regalo-2","status":"publish","type":"product","link":"https:\/\/thewayclothing.com\/index.php\/product\/jesus-mi-mejor-regalo-2\/","title":{"rendered":"Jes\u00fas, mi mejor regalo"},"content":{"rendered":"<p data-start=\"112\" data-end=\"297\">Presentamos nuestros nuevos sacos 100% algod\u00f3n peruano, confeccionados con un alto gramaje de 370 g que garantiza una ca\u00edda firme, textura premium y un nivel de durabilidad excepcional.<\/p>\n<p data-start=\"299\" data-end=\"545\">Incluyen cuello, faj\u00f3n y pu\u00f1os en Rib, lo que aporta mayor estructura, mejor ajuste y resistencia al uso diario. Todo el dise\u00f1o est\u00e1 completamente bordado, logrando un acabado fino, detallado y de larga duraci\u00f3n.<br data-start=\"511\" data-end=\"514\" \/>Disponibles en tallas S, M y L.<\/p>\n<p data-start=\"547\" data-end=\"755\">La calidad de la tela es tan superior que, literalmente, primero te aburres del saco antes de que deje de servirte. No pierde forma, no se afloja y no se da\u00f1a con el uso: est\u00e1 hecho para acompa\u00f1arte por a\u00f1os.<\/p>\n","protected":false},"excerpt":{"rendered":"<p>La calidad de la tela es tan superior que, literalmente, primero te aburres del saco antes de que deje de servirte. No pierde forma, no se afloja y no se da\u00f1a con el uso: est\u00e1 hecho para acompa\u00f1arte por a\u00f1os.<\/p>\n","protected":false},"featured_media":1288,"template":"","meta":{"_joinchat":[]},"product_brand":[],"product_cat":[54,28,77],"product_tag":[],"class_list":{"0":"post-1290","1":"product","2":"type-product","3":"status-publish","4":"has-post-thumbnail","6":"product_cat-saco-dama","7":"product_cat-sacos","8":"product_cat-sacos-premium","10":"first","11":"instock","12":"shipping-taxable","13":"purchasable","14":"product-type-variable"},"tiered_pricing_type":"fixed","tiered_pricing_fixed_rules":[],"tiered_pricing_product_settings":{"layout":"default","base_unit_name":{"singular":null,"plural":null},"default_variation":null},"tiered_pricing_minimum_quantity":null,"tiered_pricing_roles_data":[],"tiered_pricing_percentage_rules":[],"_links":{"self":[{"href":"https:\/\/thewayclothing.com\/index.php\/wp-json\/wp\/v2\/product\/1290","targetHints":{"allow":["GET"]}}],"collection":[{"href":"https:\/\/thewayclothing.com\/index.php\/wp-json\/wp\/v2\/product"}],"about":[{"href":"https:\/\/thewayclothing.com\/index.php\/wp-json\/wp\/v2\/types\/product"}],"wp:featuredmedia":[{"embeddable":true,"href":"https:\/\/thewayclothing.com\/index.php\/wp-json\/wp\/v2\/media\/1288"}],"wp:attachment":[{"href":"https:\/\/thewayclothing.com\/index.php\/wp-json\/wp\/v2\/media?parent=1290"}],"wp:term":[{"taxonomy":"product_brand","embeddable":true,"href":"https:\/\/thewayclothing.com\/index.php\/wp-json\/wp\/v2\/product_brand?post=1290"},{"taxonomy":"product_cat","embeddable":true,"href":"https:\/\/thewayclothing.com\/index.php\/wp-json\/wp\/v2\/product_cat?post=1290"},{"taxonomy":"product_tag","embeddable":true,"href":"https:\/\/thewayclothing.com\/index.php\/wp-json\/wp\/v2\/product_tag?post=1290"}],"curies":[{"name":"wp","href":"https:\/\/api.w.org\/{rel}","templated":true}]}}