{"id":244,"date":"2024-07-25T19:19:46","date_gmt":"2024-07-25T17:19:46","guid":{"rendered":"https:\/\/thewayclothing.com\/index.php\/product\/no-es-suerte-es-dios\/"},"modified":"2026-03-18T21:28:24","modified_gmt":"2026-03-18T20:28:24","slug":"no-es-suerte-es-dios","status":"publish","type":"product","link":"https:\/\/thewayclothing.com\/index.php\/product\/no-es-suerte-es-dios\/","title":{"rendered":"No es suerte es Dios"},"content":{"rendered":"<p>Menos es m\u00e1s cuando lo b\u00e1sico est\u00e1 lleno de significado. Estas prendas est\u00e1n pensadas para acompa\u00f1arte en todo momento, aportando frescura, practicidad y un mensaje que trasciende la moda: la verdadera esencia viene de Dios.<\/p>\n","protected":false},"excerpt":{"rendered":"<p>Menos es m\u00e1s cuando lo b\u00e1sico est\u00e1 lleno de significado. Estas prendas est\u00e1n pensadas para acompa\u00f1arte en todo momento, aportando frescura, practicidad y un mensaje que trasciende la moda: la verdadera esencia viene de Dios.<\/p>\n","protected":false},"featured_media":207,"template":"","meta":{"_joinchat":[]},"product_brand":[],"product_cat":[23,17],"product_tag":[],"class_list":{"0":"post-244","1":"product","2":"type-product","3":"status-publish","4":"has-post-thumbnail","6":"product_cat-dama","7":"product_cat-camiseta-basica","9":"first","10":"instock","11":"shipping-taxable","12":"purchasable","13":"product-type-variable"},"tiered_pricing_type":"fixed","tiered_pricing_fixed_rules":[],"tiered_pricing_product_settings":{"layout":"default","base_unit_name":{"singular":null,"plural":null},"default_variation":null},"tiered_pricing_minimum_quantity":null,"tiered_pricing_roles_data":[],"tiered_pricing_percentage_rules":[],"_links":{"self":[{"href":"https:\/\/thewayclothing.com\/index.php\/wp-json\/wp\/v2\/product\/244","targetHints":{"allow":["GET"]}}],"collection":[{"href":"https:\/\/thewayclothing.com\/index.php\/wp-json\/wp\/v2\/product"}],"about":[{"href":"https:\/\/thewayclothing.com\/index.php\/wp-json\/wp\/v2\/types\/product"}],"wp:featuredmedia":[{"embeddable":true,"href":"https:\/\/thewayclothing.com\/index.php\/wp-json\/wp\/v2\/media\/207"}],"wp:attachment":[{"href":"https:\/\/thewayclothing.com\/index.php\/wp-json\/wp\/v2\/media?parent=244"}],"wp:term":[{"taxonomy":"product_brand","embeddable":true,"href":"https:\/\/thewayclothing.com\/index.php\/wp-json\/wp\/v2\/product_brand?post=244"},{"taxonomy":"product_cat","embeddable":true,"href":"https:\/\/thewayclothing.com\/index.php\/wp-json\/wp\/v2\/product_cat?post=244"},{"taxonomy":"product_tag","embeddable":true,"href":"https:\/\/thewayclothing.com\/index.php\/wp-json\/wp\/v2\/product_tag?post=244"}],"curies":[{"name":"wp","href":"https:\/\/api.w.org\/{rel}","templated":true}]}}